. What is the units digit of t(-13)?
1
Let c(o) = 324*o + 2. What is the tens digit of c(1)?
2
Let o(a) = a**2 - 11*a - 9. Let b be o(8). Let f = 256 + -322. Let c = b - f. What is the units digit of c?
3
Let m(o) = -2*o**2 - 1. Suppose 2*x - 16 = 3*x + 3*r, -10 = 2*r. Let f be m(x). What is the tens digit of (16/10)/(f/(-30))?
1
Suppose 2*c + 10 = 0, -2*c - 4 = 2*w - 0*w. Suppose -3*a = -g - g + 450, 0 = -3*g - w*a + 705. What is the units digit of g?
1
Let w be ((-156)/(-65))/((-2)/10). Let o be (-4)/w - (-10)/(-3). Let a(f) = -10*f + 1. What is the units digit of a(o)?
1
Let l(t) = 17*t**2 + 3*t + 7. Let k = 41 - 45. What is the units digit of l(k)?
7
Let a(y) be the first derivative of 2*y**3/3 + 3*y**2 - 14*y - 5. What is the units digit of a(5)?
6
Let x = 235 - 72. Suppose 27 + x = g. What is the hundreds digit of g?
1
Let b(r) = 44*r - 30. What is the tens digit of b(3)?
0
Suppose -5*p - 2*s = -22, p + 8*s = 10*s + 2. Suppose -p*a = -2*w - 476, -370 = -3*a - 8*w + 3*w. What is the units digit of a?
0
Let p(m) = 2*m + 42. What is the units digit of p(-19)?
4
Let b = -19 + 27. Suppose b*d - d = 35. What is the units digit of d?
5
Suppose -38*f - 15 = -43*f. Suppose -4*b - 13 = -4*g + 31, -4*b = f*g - 26. What is the units digit of g?
0
Let i(a) = -4*a**3 - a**2 - a + 2. Suppose 3*l - 4*d - 12 = 0, -l - 3*d + 4 = -13. Let f(b) = b - 10. Let y be f(l). What is the tens digit of i(y)?
3
Let k = 38 - 36. Suppose -5*p - 120 = -a, -p - 408 = -3*a + k*p. What is the tens digit of a?
4
Let v = 1 - 1. Let n be (232/10)/((12/(-30))/(-1)). Suppose v = w + 3*a + 2*a - 35, 2*a = 2*w - n. What is the units digit of w?
0
Suppose -5*b + 157 = -3*s + 2*s, -2*s = -6. Let u = b - 17. What is the tens digit of u - (2 + 2 + -3)?
1
What is the hundreds digit of ((-32751)/18)/(15/10 + -2)?
6
Suppose -5*w = 3*i - 202, i - 64 = -0*i - w. Let f = i - 33. What is the tens digit of f?
2
Suppose -2*u + 0*u + 6 = 0. Suppose 3*z + u*z = 18. Suppose -z*p + 59 = -5*g, -3 + 95 = 5*p - 2*g. What is the tens digit of p?
1
Let r(o) = -2*o - 10. Let j be r(-5). Let l(k) = -k**3 - k**2 + 6. Let i be l(j). Suppose c = 5*w + 32, 4*c - 4*w + 22 = i*c. What is the tens digit of c?
1
Let m = 24 + -14. Suppose -2*a + 49 = 17. What is the units digit of 25/m*a/5?
8
Let u(z) = 13*z - 28. Let r be u(8). Suppose 4*w - r = -0*w. What is the units digit of w?
9
Suppose 0 = 3*f + 2*f - 35. Let n be (-3)/(-12) + (-86)/(-8). Suppose -n - f = -j. What is the tens digit of j?
1
Let h(p) = -4*p - 7. Let u = -11 + 2. What is the tens digit of h(u)?
2
Suppose -2*i = -i. Suppose -2*h + 12 + 8 = i. What is the units digit of h?
0
Let i = 17 - 15. Suppose -i*y + 15 = -y. Let l = y - 11. What is the units digit of l?
4
Let w(l) = l**2 + 8*l + 5. Let r be w(-8). Suppose -64 = -n + 3*z, r*z - 262 = -n - 2*n. What is the tens digit of n?
7
Let q(y) = -y**3 + 23*y**2 + 33*y - 18. Let a be q(24). Suppose 6*u = -0*u + a. What is the tens digit of u?
3
Suppose 0 = 9*t - 332 - 10351. What is the tens digit of t?
8
Let n(u) = 2*u**2 - u**2 - 6*u**2 + 4*u**2 + 9 - u**3. Let y = -27 - -27. What is the units digit of n(y)?
9
Let j(a) = a**3 + 5*a**2 + 2*a + 10. Let u be j(-5). Suppose u = 4*n - 66 - 242. What is the units digit of n?
7
Suppose 5*r = 2*n + 338, 0*r + 4*n = -5*r + 314. Suppose -71*g + 460 = -r*g. What is the units digit of g?
2
Suppose 2*u + 240 = 6*u. What is the units digit of u?
0
Let k = 2589 + -1180. What is the hundreds digit of k?
4
Let z(j) = -j + 5. Let s be z(-15). Suppose 0 = 9*h - 5*h - s. What is the units digit of h?
5
Suppose 3*m - 2*m + 91 = -2*j, -3*m = -4*j + 313. Let y = 212 + m. What is the tens digit of y?
1
Let f(l) = l**3 + l**2 + 1. Let v be f(-2). What is the tens digit of 858/48 + ((-3)/v)/8?
1
Suppose 102 = 2*u - 2*b, -2*u + b = 2*u - 216. Suppose 0 = -6*q + u + 95. What is the units digit of q?
5
Suppose 5*m + 22 = 2*g - 12, 3*m = 4*g - 12. What is the units digit of (-2)/m + 285/12?
4
Let t be (-2 + 4)/(6/1695 + 0). Let r = -377 + t. What is the tens digit of r?
8
Suppose -4*o = 4*q - 14672, -54*q = -53*q + 5. What is the hundreds digit of o?
6
Suppose -2*h - 2*b = 24, 10 = -2*h - 0*b + 5*b. Suppose -5*r = 5, d - 9 = 3*d - 3*r. What is the tens digit of (h/d - -2)*9?
3
Let n(b) = b**3 + 6*b**2 - b. Let t be n(-6). Suppose t = -3*s, 2*c - 76 = -2*c - 2*s. What is the tens digit of c?
2
Let c(u) = -u**3 + 10*u**2 + 22*u - 18. What is the hundreds digit of c(9)?
2
Let h(a) = 3*a**2 - 118*a + 57. What is the units digit of h(41)?
2
Suppose -4*m + 15 = -89. Let a = 34 - m. What is the units digit of (36/a + -2)*10?
5
What is the tens digit of ((3 - 2) + 9 + 99)*4?
3
Let r(t) = t**3 + 11*t**2 + 9*t - 9. Let x be r(-10). Suppose x = v - 0. Let j = v - -22. What is the tens digit of j?
2
Suppose -14*p + 7571 = -801. What is the hundreds digit of p?
5
Suppose 16556 = 20*g - 11664. What is the hundreds digit of g?
4
Let j(c) = c + 1. Let p be j(3). Suppose -4*o - 17 = -3*z - 0, 0 = p*z + 4*o - 4. Suppose -3*n + t - 2*t + 55 = 0, z*t = -n + 21. What is the units digit of n?
8
Suppose 0*q - 4*q = 0. Suppose -4*w - 4*z - 952 = q, w - z + 702 = -2*w. Let k = -166 - w. What is the units digit of k?
9
Let g = -13 - -17. What is the units digit of (6/g)/((-6)/(-8))?
2
Suppose 3*c = 5*m - 890, 533 = 3*m - 3*c + c. Let h = m + -31. Suppose -2*p - x + h = 3*p, 0 = p - 5*x - 30. What is the tens digit of p?
3
Let b(y) be the third derivative of 3/20*y**5 + 1/2*y**4 + 0 + 13/6*y**3 - 1/120*y**6 + 4*y**2 + 0*y. What is the tens digit of b(10)?
3
What is the thousands digit of (6 - 3) + (-3)/(21/(-16625))?
2
Suppose 86 = -5*w + i, -i + 3 = -w - 11. Let o = -6 - w. What is the tens digit of o?
1
Suppose -7*y + 4 = -6*y. Suppose -q = -y*q - 18. What is the units digit of (8 - 12)/(4/q)?
6
Suppose -16*h - 296 = -2088. What is the hundreds digit of h?
1
Let n(a) = 5*a**2 - 16*a + 8. Let x be n(10). What is the units digit of 3 + (x/(-2))/(-2)?
0
Let s(p) = -p**2 + 7*p + 10. Let x be s(8). Suppose -3 + 55 = x*q. Suppose -3*f + q = -2*f. What is the units digit of f?
6
What is the units digit of 1/((-8020)/(-1336) + -4 - 2)?
4
Let p = 30 + -24. Suppose -2*a = -0*a. Suppose a = -n + p*n - 115. What is the tens digit of n?
2
Let p(r) = 388*r**2 + 2*r - 18. What is the hundreds digit of p(3)?
4
Let p be ((-6)/8 - 0)/(2/(-8)). Suppose p*v + 4*z - 211 = 46, z + 1 = 0. What is the tens digit of v?
8
Suppose -4*n - 6 + 42 = 0. Let w(q) = -q**2 + 10*q - 4. Let h be w(n). Suppose 0 = -5*p - 0*r + h*r + 100, -2*p + 20 = 2*r. What is the units digit of p?
5
Let i(h) be the second derivative of -h**3/6 - 9*h**2/2 + 2*h. Let q be i(-12). Suppose 0 = -2*s - q*s + 280. What is the units digit of s?
6
Suppose 5*q = w + 5615, -27*q = -22*q + 4*w - 5640. What is the hundreds digit of q?
1
Suppose -10*r + 22239 = 5089. What is the tens digit of r?
1
Let z = 32 - 1. Let p = z + 8. What is the units digit of p?
9
What is the tens digit of (1 - 0)/(3 - 596/199)?
9
Let k(g) = 7*g. Let f be 1/4 + 52/(-16). Let l(q) = q**2 + 2*q. Let z be l(f). What is the units digit of k(z)?
1
Let y(j) = 51*j - 104. What is the tens digit of y(14)?
1
Let a = -1159 + 2071. What is the tens digit of a?
1
Let j be (6/9)/((-4)/(-18)). Suppose -5*t + 12 = -j. Suppose 0*i + t*i = 75. What is the units digit of i?
5
Suppose 255742 = 59*z - 23623. What is the thousands digit of z?
4
Let i = 33 + -27. Suppose 5*p + 6 = i*p. What is the units digit of p?
6
Let f(x) = -2*x**2 + 13*x - 4. Let w be f(6). Suppose -2*r - 4*j = -4*r + 320, -w*r + 305 = -j. What is the hundreds digit of r?
1
Suppose -4*t - 16 = 0, -4*t = 2*f - 2526 + 498. Suppose -11*z = -4*z - f. What is the hundreds digit of z?
1
Let p(v) be the first derivative of -1/3*v**3 + 4*v**2 - 5 + 0*v. What is the units digit of p(7)?
7
Let r(x) = -12*x**3 + 5*x**2 + 13*x**3 + 4*x - 3*x. What is the tens digit of r(-4)?
1
Let a(p) = -51*p**3 - 2*p**2 + 1. Let u be a(-1). Suppose 0 = -o + 4*g + 36 + u, 5*g - 505 = -5*o. What is the units digit of o?
8
Let x(n) = 157*n + 191. What is the units digit of x(8)?
7
Let s(h) = 2*h + 7. Let d be s(6). Let q = d + -23. Let v(j) = -j**3 - j**2 + 6*j + 4. What is the units digit of v(q)?
8
What is the units digit of (-1049)/(-2) - 16/32?
4
Suppose -4